 10758?
1
What is the hundreds digit of 14545?
5
What is the hundreds digit of 1022?
0
What is the tens digit of 11914?
1
What is the thousands digit of 9809?
9
What is the units digit of 49?
9
What is the thousands digit of 3355?
3
What is the units digit of 12146?
6
What is the thousands digit of 42965?
2
What is the units digit of 14967?
7
What is the hundreds digit of 4243?
2
What is the thousands digit of 9243?
9
What is the thousands digit of 1854?
1
What is the thousands digit of 5788?
5
What is the tens digit of 9414?
1
What is the units digit of 5851?
1
What is the thousands digit of 64023?
4
What is the tens digit of 9167?
6
What is the hundreds digit of 708?
7
What is the ten thousands digit of 12737?
1
What is the thousands digit of 2909?
2
What is the tens digit of 1480?
8
What is the tens digit of 7254?
5
What is the tens digit of 13834?
3
What is the ten thousands digit of 109635?
0
What is the tens digit of 256?
5
What is the hundreds digit of 2764?
7
What is the ten thousands digit of 17102?
1
What is the thousands digit of 58786?
8
What is the tens digit of 1473?
7
What is the units digit of 1563?
3
What is the units digit of 649?
9
What is the units digit of 2612?
2
What is the tens digit of 73065?
6
What is the tens digit of 95149?
4
What is the tens digit of 702?
0
What is the units digit of 42?
2
What is the tens digit of 2472?
7
What is the tens digit of 108718?
1
What is the hundreds digit of 177?
1
What is the thousands digit of 4187?
4
What is the ten thousands digit of 15721?
1
What is the thousands digit of 2716?
2
What is the units digit of 21181?
1
What is the thousands digit of 3595?
3
What is the hundreds digit of 3832?
8
What is the thousands digit of 8789?
8
What is the thousands digit of 2520?
2
What is the hundreds digit of 178221?
2
What is the units digit of 815?
5
What is the units digit of 7298?
8
What is the units digit of 589?
9
What is the ten thousands digit of 18905?
1
What is the units digit of 26154?
4
What is the tens digit of 5502?
0
What is the units digit of 71?
1
What is the thousands digit of 2282?
2
What is the tens digit of 456?
5
What is the tens digit of 13471?
7
What is the thousands digit of 9607?
9
What is the thousands digit of 3790?
3
What is the units digit of 484?
4
What is the tens digit of 36472?
7
What is the thousands digit of 2059?
2
What is the tens digit of 898?
9
What is the hundreds digit of 742?
7
What is the thousands digit of 3578?
3
What is the tens digit of 882?
8
What is the hundreds digit of 46552?
5
What is the thousands digit of 17257?
7
What is the units digit of 3246?
6
What is the units digit of 25744?
4
What is the units digit of 851?
1
What is the ten thousands digit of 55282?
5
What is the hundreds digit of 1434?
4
What is the hundreds digit of 5942?
9
What is the thousands digit of 2782?
2
What is the thousands digit of 8376?
8
What is the thousands digit of 63711?
3
What is the tens digit of 5880?
8
What is the units digit of 1073?
3
What is the units digit of 50851?
1
What is the thousands digit of 37597?
7
What is the hundreds digit of 910?
9
What is the hundreds digit of 368?
3
What is the thousands digit of 33166?
3
What is the hundreds digit of 60848?
8
What is the tens digit of 106151?
5
What is the units digit of 3126?
6
What is the hundreds digit of 8317?
3
What is the tens digit of 1594?
9
What is the ten thousands digit of 13229?
1
What is the hundreds digit of 627?
6
What is the tens digit of 187150?
5
What is the tens digit of 22025?
2
What is the units digit of 16470?
0
What is the tens digit of 727?
2
What is the tens digit of 493?
9
What is the hundreds digit of 529?
5
What is the tens digit of 10119?
1
What is the ten thousands digit of 20923?
2
What is the hundreds digit of 5638?
6
What is the thousands digit of 29950?
9
What is the units digit of 173104?
4
What is the hundreds digit of 59361?
3
What is the hundreds digit of 81060?
0
What is the tens digit of 1271?
7
What is the units digit of 16248?
8
What is the hundreds digit of 40070?
0
What is the thousands digit of 30916?
0
What is the thousands digit of 10766?
0
What is the units digit of 489?
9
What is the ten thousands digit of 44451?
4
What is the hundreds digit of 2072?
0
What is the thousands digit of 95130?
5
What is the units digit of 372?
2
What is the hundreds digit of 1046?
0
What is the units digit of 26466?
6
What is the hundreds digit of 2277?
2
What is the thousands digit of 1066?
1
What is the units digit of 296?
6
What is the thousands digit of 2235?
2
What is the tens digit of 336?
3
What is the units digit of 766?
6
What is the units digit of 206834?
4
What is the units digit of 102102?
2
What is the hundreds digit of 463?
4
What is the hundreds digit of 39422?
4
What is the hundreds digit of 33086?
0
What is the units digit of 30189?
9
What is the thousands digit of 2956?
2
What is the hundreds digit of 8884?
8
What is the thousands digit of 6436?
6
What is the tens digit of 74170?
7
What is the hundreds digit of 2163?
1
What is the units digit of 34409?
9
What is the thousands digit of 28799?
8
What is the hundreds digit of 16363?
3
What is the hundreds digit of 10908?
9
What is the units digit of 15088?
8
What is the tens digit of 1395?
9
What is the tens digit of 43214?
1
What is the tens digit of 2445?
4
What is the hundreds digit of 37596?
5
What is the tens digit of 271?
7
What is the tens digit of 1117?
1
What is the hundreds digit of 2543?
5
What is the hundreds digit of 28647?
6
What is the tens digit of 1403?
0
What is the hundred thousands digit of 117851?
1
What is the thousands digit of 5472?
5
What is the tens digit of 673?
7
What is the hundreds digit of 1393?
3
What is the hundreds digit of 835?
8
What is the units digit of 38207?
7
What is the units digit of 130296?
6
What is the tens digit of 113314?
1
What is the units digit of 10?
0
What is the thousands digit of 12930?
2
What is the thousands digit of 69945?
9
What is the thousands digit of 16400?
6
What is the hundreds digit of 31420?
4
What is the ten thousands digit of 31029?
3
What is the tens digit of 2895?
9
What is the thousands digit of 2192?
2
What is the hundreds digit of 6154?
1
What is the ten thousands digit of 45990?
4
What is the units digit of 37444?
4
What is the thousands digit of 25709?
5
What is the tens digit of 3875?
7
What is the ten thousands digit of 10856?
1
What is the thousands digit of 23830?
3
What is the tens digit of 7152?
5
What is the thousands digit of 19184?
9
What is the tens digit of 65110?
1
What is the tens digit of 3249?
4
What is the tens digit of 10413?
1
What is the units digit of 12368?
8
What is the units digit of 1814?
4
What is the hundreds digit of 3627?
6
What is the tens digit of 309?
0
What is the tens digit of 6303?
0
What is the hundreds digit of 5175?
1
What is the hundreds digit of 36851?
8
What is the tens digit of 26112?
1
What is the tens digit of 57641?
4
What is the hundreds digit of 22336?
3
What is the tens digit of 87470?
7
What is the units digit of 49500?
0
What is the units digit of 12780?
0
What is the units digit of 18571?
1
What is the units digit of 1870?
0
What is the tens digit of 7050?
5
What is the hundreds digit of 72991?
9
What is the hundreds digit of 779?
7
What is the hundreds digit of 7899?
8
What is the hundreds digit of 103331?
3
What is the hundreds digit of 35898?
8
What is the hundreds digit of 1100?
1
What is the thousands digit of 2166?
2
What is the units digit of 763?
3
What is the hundreds digit of 16685?
6
What is the tens digit of 665?
6
What is the thousands digit of 22436?
2
What is the units digit of 72479?
9
What is the units digit of 6815?
5
What is the tens digit of 135?
3
What is the units digit of 70?
0
What is the thousands digit of 72616?
2
What is the hundreds digit of 9749?
7
What is the hundreds digit of 26262?
2
What is the hundreds digit of 49332?
3
What is the tens digit of 9223?
2
What is the hundreds digit of 1085?
0
What is the tens digit of 79009?
0
What is the tens digit of 5840?
4
What is the thousands digit of 1551?
1
What is the units digit of 1056?
6
What is the ten thousands digit of 78134?
7
What is the units digit of 12684?
4
What is the units digit of 2701?
1
What is 